{"id":90,"date":"2023-11-26T15:34:39","date_gmt":"2023-11-26T15:34:39","guid":{"rendered":"https:\/\/vuorikoski.fi\/wordpress\/?page_id=90"},"modified":"2023-11-26T15:50:28","modified_gmt":"2023-11-26T15:50:28","slug":"yhteistyokumppanit","status":"publish","type":"page","link":"https:\/\/vuorikoski.fi\/index.php\/yhteistyokumppanit\/","title":{"rendered":"Yhteisty\u00f6kumppanit"},"content":{"rendered":"\n<p>Teemme yhteisty\u00f6t\u00e4 eri timpureiden, maalareiden, laattoittajien ja s\u00e4hk\u00f6miesten kanssa.<\/p>\n\n\n\n<p>Kysy lis\u00e4\u00e4 mik\u00e4li tarvitset luotettavia ammattilaisia auttamaan remontissasi.<\/p>\n\n\n\n<figure class=\"wp-block-image size-large is-resized\"><img loading=\"lazy\" decoding=\"async\" width=\"1024\" height=\"641\" src=\"https:\/\/vuorikoski.fi\/wp-content\/uploads\/2023\/11\/img1-1024x641.jpg\" alt=\"\" class=\"wp-image-100\" style=\"width:326px;height:auto\" srcset=\"https:\/\/vuorikoski.fi\/wp-content\/uploads\/2023\/11\/img1-1024x641.jpg 1024w, https:\/\/vuorikoski.fi\/wp-content\/uploads\/2023\/11\/img1-300x188.jpg 300w, https:\/\/vuorikoski.fi\/wp-content\/uploads\/2023\/11\/img1-768x481.jpg 768w, https:\/\/vuorikoski.fi\/wp-content\/uploads\/2023\/11\/img1-1536x961.jpg 1536w, https:\/\/vuorikoski.fi\/wp-content\/uploads\/2023\/11\/img1-2048x1282.jpg 2048w\" sizes=\"auto, (max-width: 1024px) 100vw, 1024px\" \/><figcaption class=\"wp-element-caption\">Kotikauniiksi by Vuorikoski Interior<\/figcaption><\/figure>\n\n\n\n<h2 class=\"wp-block-heading\">Sisustussuunnittelu<\/h2>\n\n\n\n<h4 class=\"wp-block-heading\"><strong><em>Kaipaatko ammattilaisen apua kodin sisustuksen suunnittelussa?<\/em><br><em>Katso lis\u00e4\u00e4 kumppanimme sivuilta ja ota yhteytt\u00e4:<\/em>&nbsp;<\/strong><\/h4>\n\n\n\n<h4 class=\"wp-block-heading\"><strong><a href=\"http:\/\/www.kotikauniiksi.fi\/\" target=\"_blank\" rel=\"noreferrer noopener\">www.kotikauniiksi.fi<\/a><\/strong><\/h4>\n\n\n\n<p><\/p>\n","protected":false},"excerpt":{"rendered":"<p>Teemme yhteisty\u00f6t\u00e4 eri timpureiden, maalareiden, laattoittajien ja s\u00e4hk\u00f6miesten kanssa. Kysy lis\u00e4\u00e4 mik\u00e4li tarvitset luotettavia ammattilaisia auttamaan remontissasi. Sisustussuunnittelu Kaipaatko ammattilaisen apua kodin sisustuksen suunnittelussa?Katso lis\u00e4\u00e4 kumppanimme sivuilta ja ota yhteytt\u00e4:&nbsp; www.kotikauniiksi.fi<\/p>\n","protected":false},"author":1,"featured_media":0,"parent":0,"menu_order":0,"comment_status":"closed","ping_status":"closed","template":"","meta":{"footnotes":""},"class_list":["post-90","page","type-page","status-publish","hentry"],"_links":{"self":[{"href":"https:\/\/vuorikoski.fi\/index.php\/wp-json\/wp\/v2\/pages\/90","targetHints":{"allow":["GET"]}}],"collection":[{"href":"https:\/\/vuorikoski.fi\/index.php\/wp-json\/wp\/v2\/pages"}],"about":[{"href":"https:\/\/vuorikoski.fi\/index.php\/wp-json\/wp\/v2\/types\/page"}],"author":[{"embeddable":true,"href":"https:\/\/vuorikoski.fi\/index.php\/wp-json\/wp\/v2\/users\/1"}],"replies":[{"embeddable":true,"href":"https:\/\/vuorikoski.fi\/index.php\/wp-json\/wp\/v2\/comments?post=90"}],"version-history":[{"count":2,"href":"https:\/\/vuorikoski.fi\/index.php\/wp-json\/wp\/v2\/pages\/90\/revisions"}],"predecessor-version":[{"id":102,"href":"https:\/\/vuorikoski.fi\/index.php\/wp-json\/wp\/v2\/pages\/90\/revisions\/102"}],"wp:attachment":[{"href":"https:\/\/vuorikoski.fi\/index.php\/wp-json\/wp\/v2\/media?parent=90"}],"curies":[{"name":"wp","href":"https:\/\/api.w.org\/{rel}","templated":true}]}}