{"id":76,"date":"2023-11-26T15:03:01","date_gmt":"2023-11-26T15:03:01","guid":{"rendered":"https:\/\/vuorikoski.fi\/wordpress\/?page_id=76"},"modified":"2023-11-26T15:07:18","modified_gmt":"2023-11-26T15:07:18","slug":"palvelut","status":"publish","type":"page","link":"https:\/\/vuorikoski.fi\/index.php\/palvelut\/","title":{"rendered":"Palvelut"},"content":{"rendered":"\n<p><strong>URAKOINTI<\/strong><\/p>\n\n\n\n<p>\u2022 Vesi ja viem\u00e4ri<br>\u2022 L\u00e4mp\u00f6<br>\u2022 Pintaputkity\u00f6t<br>\u2022 L\u00e4mp\u00f6linjojen eristykset<\/p>\n\n\n\n<p><strong>HUOLTO<\/strong><\/p>\n\n\n\n<p>\u2022 Viem\u00e4rien kuvaukset ja kuntokartoitukset<br>\u2022 WC -kalusteiden huolto<br>\u2022 Hanahuollot<br>\u2022 Kaukol\u00e4mm\u00f6n alajakokeskus huolto ja uusiminen<br>\u2022 LV-alan huolto ja korjausty\u00f6t<br>\u2022 LV-mittaus ja s\u00e4\u00e4t\u00f6<br>\u2022 Viem\u00e4rien avaukset<br>\u2022 L\u00e4mminvesivaraajan korjaus ja uusiminen<\/p>\n\n\n\n<p><strong>AUTOMAATIO<br><\/strong><\/p>\n\n\n\n<p>\u2022 L\u00e4mmitysautomaatiolaitteiden asennukset, ohjelmointi ja s\u00e4\u00e4d\u00f6t<br>\u2022 L\u00e4mmitysautomaatiolaitteiden et\u00e4ohjausten toteuttaminen<br>\u2022 L\u00e4mmitysautomaatiolaitteiden et\u00e4h\u00e4lytysten toteuttaminen<\/p>\n\n\n\n<p><\/p>\n\n\n\n<p><strong>Palvelemme my\u00f6s:<\/strong><\/p>\n\n\n\n<p>\u2022 vuotojen korjaukset<br>\u2022 omakotitalojen, rivitalojen ja kerrostalojen putkity\u00f6t<br>\u2022 l\u00e4mminvesivaraajien uusimiset ja korjaukset<br>\u2022 kylpyhuoneiden putkitukset<br>\u2022 patteriventtiilien uusimiset<br>\u2022 l\u00e4mmitysverkostojen tasapainotukset<br>\u2022 kaukol\u00e4mp\u00f6keskusten uusimiset<br><\/p>\n","protected":false},"excerpt":{"rendered":"<p>URAKOINTI \u2022 Vesi ja viem\u00e4ri\u2022 L\u00e4mp\u00f6\u2022 Pintaputkity\u00f6t\u2022 L\u00e4mp\u00f6linjojen eristykset HUOLTO \u2022 Viem\u00e4rien kuvaukset ja kuntokartoitukset\u2022 WC -kalusteiden huolto\u2022 Hanahuollot\u2022 Kaukol\u00e4mm\u00f6n alajakokeskus huolto ja uusiminen\u2022 LV-alan huolto ja korjausty\u00f6t\u2022 LV-mittaus ja s\u00e4\u00e4t\u00f6\u2022 Viem\u00e4rien avaukset\u2022 L\u00e4mminvesivaraajan korjaus ja uusiminen AUTOMAATIO \u2022 L\u00e4mmitysautomaatiolaitteiden asennukset, ohjelmointi ja s\u00e4\u00e4d\u00f6t\u2022 L\u00e4mmitysautomaatiolaitteiden et\u00e4ohjausten toteuttaminen\u2022 L\u00e4mmitysautomaatiolaitteiden et\u00e4h\u00e4lytysten toteuttaminen Palvelemme my\u00f6s: \u2022 vuotojen korjaukset\u2022 [&hellip;]<\/p>\n","protected":false},"author":1,"featured_media":0,"parent":0,"menu_order":0,"comment_status":"closed","ping_status":"closed","template":"","meta":{"footnotes":""},"class_list":["post-76","page","type-page","status-publish","hentry"],"_links":{"self":[{"href":"https:\/\/vuorikoski.fi\/index.php\/wp-json\/wp\/v2\/pages\/76","targetHints":{"allow":["GET"]}}],"collection":[{"href":"https:\/\/vuorikoski.fi\/index.php\/wp-json\/wp\/v2\/pages"}],"about":[{"href":"https:\/\/vuorikoski.fi\/index.php\/wp-json\/wp\/v2\/types\/page"}],"author":[{"embeddable":true,"href":"https:\/\/vuorikoski.fi\/index.php\/wp-json\/wp\/v2\/users\/1"}],"replies":[{"embeddable":true,"href":"https:\/\/vuorikoski.fi\/index.php\/wp-json\/wp\/v2\/comments?post=76"}],"version-history":[{"count":2,"href":"https:\/\/vuorikoski.fi\/index.php\/wp-json\/wp\/v2\/pages\/76\/revisions"}],"predecessor-version":[{"id":82,"href":"https:\/\/vuorikoski.fi\/index.php\/wp-json\/wp\/v2\/pages\/76\/revisions\/82"}],"wp:attachment":[{"href":"https:\/\/vuorikoski.fi\/index.php\/wp-json\/wp\/v2\/media?parent=76"}],"curies":[{"name":"wp","href":"https:\/\/api.w.org\/{rel}","templated":true}]}}